001101001101
Convert 1444572 (base 8) to base 15.
82136
Convert 30104205 (base 7) to base 3.
11200110010220
What is 60b7e (base 16) in base 4?
1200231332
Convert -3443444 (base 5) to base 16.
-f3a6
What is 101010011110110100000 (base 2) in base 5?
324021112
13d03c (base 15) to base 12
3a0926
-18ffba (base 16) to base 12
-670136
-533573 (base 9) to base 11
-1a7675
512422000 (base 6) to base 16
865c50
7713b (base 12) to base 9
258862
4416388 (base 9) to base 2
1001000011011001100010
What is -1000101110011000 (base 2) in base 5?
-2120421
What is -5e2b7b (base 15) in base 2?
-10001001110010010010110
Convert -123313321022 (base 4) to base 5.
-3332304301
What is -35a261 (base 11) in base 7?
-4562512
What is 265531 (base 8) in base 4?
112231121
8463135 (base 11) to base 14
1da12a6
What is 43ecd (base 15) in base 3?
101222020211
Convert 331167 (base 8) to base 10.
111223
2015565 (base 7) to base 9
404730
Convert -1001120110 (base 4) to base 10.
-267796
What is -1ce85c (base 15) in base 10?
-1416012
Convert -a53a (base 15) to base 11.
-24275
What is 115602016 (base 7) in base 14?
d76546
What is 16096 (base 14) in base 3?
2210110111
-564168 (base 9) to base 10
-337670
Convert -1022003020 (base 4) to base 13.
-a8091
What is 208712 (base 10) in base 14?
560c0
Convert 323585 (base 9) to base 10.
192938
1222200121 (base 3) to base 13
14a79
-103000201 (base 4) to base 11
-5354a
What is 121103023313 (base 4) in base 5?
3144212213
What is 15388715 (base 10) in base 11?
8760851
What is -463817 (base 10) in base 6?
-13535145
-17176107 (base 8) to base 4
-33033301013
4021764 (base 8) to base 6
34401044
-20366323 (base 7) to base 13
-4802a7
Convert -310402040 (base 5) to base 14.
-24c29c
What is 100211100102100 (base 3) in base 8?
23730716
What is -42401231 (base 5) in base 2?
-1010111000001011001
Convert -231034 (base 9) to base 16.
-21d2d
What is -2020211133 (base 4) in base 16?
-8895f
What is -887602 (base 9) in base 8?
-2014047
What is 1376751 (base 13) in base 4?
113132230212
What is 2ada49 (base 15) in base 3?
10220020010220
What is 242211413 (base 5) in base 11?
70362a
What is -26122351 (base 7) in base 14?
-45b998
Convert 2903208 (base 11) to base 7.
60321000
73ca79 (base 14) to base 12
138976b
What is -2612564 (base 8) in base 15?
-e535d
Convert -13536405 (base 7) to base 4.
-10312003203
Convert 20cc0 (base 16) to base 11.
91a24
Convert 12222113102 (base 4) to base 15.
2476ab
Convert 7885 (base 14) to base 10.
20893
-1015575 (base 9) to base 11
-340337
Convert 10002101200 (base 3) to base 14.
18227
Convert -2140401 (base 5) to base 9.
-55644
What is 6929958 (base 11) in base 2?
101110001111010010010110
What is -6197 (base 11) in base 9?
-12235
What is 1220012002201 (base 3) in base 14?
1c327d
What is -1412331 (base 7) in base 4?
-231323211
What is -358226 (base 9) in base 10?
-215970
What is -3011332 (base 7) in base 2?
-1010110111000010101
Convert -3b016 (base 12) to base 11.
-5603a
121120022210 (base 3) to base 14
86bac
What is -26c9d6 (base 14) in base 3?
-2112010112120
Convert -13b99 (base 14) to base 10.
-48939
101011010110101001100 (base 2) to base 9
2604646
Convert 149464 (base 11) to base 14.
60860
What is 2205350 (base 6) in base 7?
635640
Convert 100000011010111100001 (base 2) to base 10.
1062369
What is 77594 (base 13) in base 11?
138541
What is -a863 (base 15) in base 3?
-1210220010
-2543060 (base 8) to base 6
-23044544
-1066700 (base 9) to base 15
-b58d3
Convert -30398 (base 10) to base 13.
-10ab4
-69723a (base 15) to base 6
-255534501
What is 211000120021 (base 3) in base 10?
433438
-dd64a9 (base 15) to base 7
-155453556
What is 21531547 (base 8) in base 2?
10001101011001101100111
Convert -10888288 (base 9) to base 13.
-1140944
What is 938b (base 16) in base 9?
56727
120202320202 (base 4) to base 11
36a5239
-1012020210220100 (base 3) to base 10
-17140176
Convert -210011010011 (base 3) to base 5.
-101310334
Convert -221313130233 (base 4) to base 6.
-1031122143
What is -100011024 (base 5) in base 13?
-1091bb
110001110110101111111 (base 2) to base 4
12032311333
-9444442 (base 10) to base 7
-143163550
What is 525705a (base 12) in base 5?
12434342210
What is 2117940 (base 10) in base 3?
10222121021020
What is -11434466 (base 7) in base 4?
-3320112113
What is 2232010320 (base 4) in base 9?
1306060
-1465851 (base 9) to base 2
-11000110000101001110
1797 (base 15) to base 14
1bda
23253150 (base 7) to base 9
3758563
Convert 336820 (base 15) to base 8.
11265160
Convert -208a92 (base 12) to base 16.
-7d40e
Convert 1142144 (base 7) to base 5.
14113302
What is -4047c8 (base 16) in base 4?
-100010133020
Convert 1454400 (base 6) to base 12.
41400
-18762507 (base 10) to base 4
-1013210230023
Convert 3140434 (base 5) to base 4.
30312023
23 (base 14) to base 7
43
-54325213 (base 6) to base 2
-110001001111001001001
Convert 2033112112 (base 4) to base 8.
2172626
e349 (base 15) to base 7
256632
What is 155304402 (base 6) in base 15?
45daae
What is 943577 (base 10) in base 16?
e65d9
What is -2380c1 (base 15) in base 8?
-6364016
What is -10510 (base 16) in base 11?
-46237
Convert 88486 (base 9) to base 15.
125ec
What is -224578 (base 9) in base 7?
-1100312
What is a24ca4 (base 15) in base 9?
15452881
What is 2031120103 (base 4) in base 5?
122012331
Convert -20121202321 (base 4) to base 7.
-24500125
What is -1076504 (base 10) in base 15?
-163e6e
-11767 (base 13) to base 4
-13310122
11120220212 (base 3) to base 2
10110000011100010
-290892 (base 11) to base 5
-104024230
-32013112023 (base 4) to base 13
-9c7218
-1110011001010001111000 (base 2) to base 11
-214814a
Convert -bd3cd8 (base 14) to base 9.
-13074133
1781647 (base 9) to base 16
f3c82
-1a5791 (base 13) to base 5
-132403224
What is 3210300 (base 8) in base 14?
184092
1074b2 (base 15) to base 13
215b5b
What is -1a850b (base 12) in base 2?
-1110010111011011011
What is 3a6161 (base 12) in base 13?
279c9a
What is 39ba3 (base 15) in base 13?
661c5
233833 (base 9) to base 14
39382
1b7487 (base 15) to base 13
37c444
-82c0c (base 13) to base 11
-150556
What is -8ad5 (base 15) in base 2?
-111001100001010
What is -71922 (base 11) in base 8?
-314743
Convert -442102 (base 6) to base 13.
-13967
3801a97 (base 11) to base 15
8a73c8
Convert -113220120 (base 4) to base 12.
-48020
Convert -272279 (base 11) to base 12.
-187537
Convert 2680036 (base 10) to base 11.
1570607
-34215415 (base 6) to base 8
-3770043
What is 1101212200022 (base 3) in base 4?
2312000330
What is -120110012210 (base 3) in base 8?
-1122025
-156451 (base 10) to base 2
-100110001100100011
240521445 (base 6) to base 12
1620285
What is c9544a (base 14) in base 13?
1547795
What is -2402422414 (base 5) in base 16?
-54237d
-3a005 (base 13) to base 2
-11010010010001010
Convert -361c7 (base 15) to base 6.
-3410441
8a5682 (base 12) to base 5
1031120433
What is -1631034 (base 7) in base 9?
-374080
Convert -79d16 (base 15) to base 6.
-12150520
What is 1466594 (base 10) in base 13?
3c470c
Convert -24a59b (base 12) to base 8.
-2221307
20232321103 (base 4) to base 16
22ee53
-208358 (base 9) to base 8
-362502
4dab (base 14) to base 11
a302
1233131231 (base 5) to base 11
1783647
What is -12113210 (base 5) in base 6?
-2233415
-1400004032 (base 5) to base 2
-1101011010011011101110
Convert -31130113 (base 4) to base 7.
-316351
-c9110 (base 14) to base 9
-820466
Convert 412121414 (base 6) to base 10.
7102450
-1001101111111110101 (base 2) to base 11
-1a9034
What is 45334251 (base 8) in base 10?
9812137
What is -72375 (base 11) in base 13?
-390a8
Convert -294196 (base 10) to base 9.
-487504
What is -16253506 (base 7) in base 5?
-400420321
Convert -11000110100101011 (base 2) to base 6.
-2102415
What is 467531 (base 8) in base 13?
57832
-220222200212222 (base 3) to base 6
-1152345555
-2266625 (base 8) to base 12
-259699
-460 (base 14) to base 8
-1544
Convert -212041 (base 5) to base 2.
-1101111101010
-31526 (base 10) to base 14
-b6bc
What is 32045200 (base 6) in base 8?
3452700
Convert 5021213 (base 6) to base 10.
236169
Convert 1253557 (base 9) to base 12.
2904a4
Convert 332013133 (base 4) to base 15.
505c1
What is 1212132 (base 8) in base 15?
6897a
-47e90 (base 16) to base 4
-1013322100
3543c (base 14) to base 13
47111
What is -532434 (base 8) in base 10?
-177436
What is -3214